 - 325. Suppose 2*a - m = 6*a - 920, q = a - m. What is the hundreds digit of a?
2
Let x = 21 + -22. Let i be 5/(-1) - x - 2. What is the units digit of i/((4/(-6))/1)?
9
Suppose 51 = 4*x - 29. Let c(w) = -w**3 - 4*w**2 - w - 4. Let b be c(-4). Let m = b + x. What is the units digit of m?
0
Suppose 0 = -2*s + 2 - 24. Let q(m) = m + 6. Let h be q(-5). What is the units digit of (-69 - s)/(-1 - h)?
9
Suppose -3*u = 6, -4*h + 2*h + 4*u - 22 = 0. What is the tens digit of 6/h - 561/(-15)?
3
Suppose -3*d - 35*d = -33022. What is the hundreds digit of d?
8
Suppose 203 = -3*x + 1706. What is the tens digit of x?
0
What is the units digit of (10/(-15))/(4*(-5)/28560)?
2
Suppose 2*i - 4*y - 14 = -0*y, 0 = 3*i - 4*y - 23. Let p(v) = -v**2 - 14 - 7 + 19 + 11*v. What is the tens digit of p(i)?
1
Let l be (-1)/((-2)/(-4)) - 0. Let g(s) be the second derivative of 2*s**4/3 + 3*s**2/2 + 10*s. What is the tens digit of g(l)?
3
Suppose -350 = 3*n + 5*k, 7*n - 346 = 10*n + 4*k. What is the units digit of (-1*1)/((-9)/(-18))*n?
0
Suppose 0 = -2*n + y + 2116, -3*n - y + 1055 = -2*n. What is the units digit of n?
7
Suppose z + 4*q = -10, -3*z + 2*z + 2*q = -2. What is the tens digit of ((92/(-3))/z)/(5/15)?
4
Suppose -3*q = -5*l + 1, -4*l + 3*q = q - 2. What is the units digit of l*1686/(-4)*(-2)/6?
1
Let a be 1/(1/(-1 + -2)). What is the tens digit of (1 + 50 - a)*(-21)/(-9)?
2
Let n(u) = 5*u**2 - 12*u - 21. What is the units digit of n(-5)?
4
Suppose 7345 = 11*p + 2318. What is the hundreds digit of p?
4
Suppose 2016 = 4*l - 1052. What is the hundreds digit of l?
7
Suppose 11*k = 13*k - 14. Let m(c) = c**2 + 4*c - 4. What is the tens digit of m(k)?
7
Let a(t) = 100*t**2 - 38*t + 175. What is the hundreds digit of a(5)?
4
Let b(f) = f**3 - 14*f**2 + 11*f - 5. Let w be b(10). Let o = w + 461. What is the tens digit of o?
6
Let d(w) = -w**3 + 17*w**2 + 58*w + 14. What is the tens digit of d(19)?
9
Let r(s) = 7*s**2 - 3*s - 133. Let v(p) = -4*p**2 + 2*p + 67. Let y(c) = -3*r(c) - 5*v(c). Let m be y(0). Suppose 0 = 7*g - m - 62. What is the tens digit of g?
1
Suppose 6*z = 3*z. Let r be (5 - z)/((-7)/(-42)). Let q = r - 3. What is the tens digit of q?
2
Let l = 1838 + -1252. What is the hundreds digit of l?
5
Let v(k) be the second derivative of -7*k + 5/3*k**3 - 7/2*k**2 + k**4 + 0 + 1/20*k**5. What is the units digit of v(-11)?
4
Let f(n) be the second derivative of -n**4/12 + n**3 + 3*n**2 + 4*n. Let y be f(7). What is the tens digit of (0/2 - 16)/y?
1
Suppose 15 = -8*n + 13*n. Suppose n*y - 2*y - 6 = g, -3*g - 6 = y. Suppose -4*f - 3*t + 5*t = -98, f + y*t - 21 = 0. What is the tens digit of f?
2
What is the hundreds digit of (-9732)/(-72) + (-3)/18?
1
What is the units digit of ((-2)/(-4))/(11/12782)?
1
Let d = 10 + -10. Suppose 0 = -5*k + 5, -4*k + 3 = -j - d. Suppose 11 = 3*q - j. What is the units digit of q?
4
Suppose 3*l + 5*y = -13, l + 2*y + 6 = -0*l. What is the units digit of 4 + (12/l - -59)?
6
Suppose 0*s - 32 = 4*s. What is the tens digit of -3 - s - -28*11?
1
Let m(r) = 19*r + 9. Let l be m(-6). Let v = 181 + l. What is the units digit of v?
6
Let f(j) be the first derivative of 2*j**2 - 2*j + 18. Suppose -18 = -3*q - 0*q. What is the tens digit of f(q)?
2
Let v(c) = -1058*c + 134. What is the units digit of v(-5)?
4
Suppose -5*p = 66 + 109. What is the units digit of p*(60/(-14))/3?
0
Let t(i) = 49*i**3 + i**2. Let q be t(1). Let m = -321 - -391. Suppose -2*y - a = -3*a - m, -2*a = 2*y - q. What is the tens digit of y?
3
Let i = -6 + 58. Let h = -34 + i. What is the units digit of h?
8
Let s = 25 - 21. Suppose -v + 190 = 2*h + 4*v, 0 = 2*h + s*v - 192. What is the hundreds digit of h?
1
What is the units digit of (-38)/(-57) - 5734/(-3)?
2
Let l(d) = d**3 - 2*d**2 + 2*d - 4. Let s be l(2). Suppose -5*x + x - 32 = s. Let g = 30 - x. What is the tens digit of g?
3
Let f be -1 + (6/33 - 2916/66). Let q = f - -53. What is the units digit of q?
8
Let g be -110*7/((-35)/4). Let q = 152 - g. Suppose 0 = -3*w + q + 11. What is the tens digit of w?
2
Let n = -44 + 93. Suppose 4*v + 17 = n. What is the units digit of v?
8
Let v be (-55)/(-20)*(3 + 1). Let h = v - 14. What is the units digit of (-2 + h - -4)*-47?
7
Suppose 209 = 2*s - 79. Suppose 3*g = -5*b + s + 190, -2*b - 598 = -5*g. What is the units digit of g?
8
Suppose -w - 33 + 133 = 0. Suppose 0 = -2*c + w + 36. Suppose 3*j + 14 = c. What is the units digit of j?
8
Suppose -65*o + 32298 = -44*o. What is the thousands digit of o?
1
Let s be (-9)/6 - 6/(-12). Let t = 2 - s. Suppose -5*l + t*l = -38. What is the units digit of l?
9
Suppose 11*r - 13*r - 5*b = -1946, -b + 1962 = 2*r. What is the tens digit of r?
8
Let o(k) be the second derivative of k**5/12 + k**4/24 - k**3 + 7*k. Let h(d) be the second derivative of o(d). What is the tens digit of h(1)?
1
What is the units digit of 54480/24 + -3*1?
7
Let d(o) be the third derivative of -o**6/120 - o**5/12 + o**4/8 - o**3/2 - 11*o**2 + 2*o. What is the units digit of d(-9)?
4
Suppose 3*b = -o + 5*o - 370, 4*b + 462 = 5*o. Let j = o - 85. What is the units digit of j?
9
Let d = 384 + -208. Let k be 13/4 - (-3)/(-12). Suppose -r + d = k*r. What is the tens digit of r?
4
Let x(f) be the first derivative of f**3/3 + f**2/2 + 3*f - 4. Let i be x(-4). Suppose t - i = -2. What is the units digit of t?
3
Let n(m) = -m**3 - m**2 + 19*m + 120. What is the thousands digit of n(-12)?
1
Suppose -w + 14*n - 11*n = -422, -n = 1. What is the tens digit of w?
1
Suppose 23 = -8*x - 9. What is the units digit of (-198)/9*2/x?
1
Suppose 0 = 185*d - 175*d - 3280. What is the tens digit of d?
2
Suppose l + 541 = 4*l - 2*k, 12 = 3*k. What is the units digit of l?
3
Let s be 5/20*(-4 + 4). Suppose -u + 3*u - 104 = s. What is the units digit of u?
2
Suppose 0 = -2*y - 5*x + 775, 13*x - 15*x = -4*y + 1562. What is the units digit of y?
0
Suppose 205008 - 79032 = 24*h. What is the tens digit of h?
4
Let b = -1686 + 2501. What is the tens digit of b?
1
Let q = 70 + 51. What is the hundreds digit of q?
1
Let k be 5 - 1*(5 + -5). Suppose -k*n + 1032 = -w, 0 = -2*n - 0*w + 4*w + 420. What is the tens digit of n?
0
Let y(b) = 2*b + 8. Let r be y(0). Let u = -7 + r. What is the units digit of (-30)/(-3) - (u + 1)?
8
Let l be 6/(-5)*10/(-3). Let v(a) = -a + 4*a - 13 + 15. What is the units digit of v(l)?
4
Let p be (1404/15)/(120/(-125) + 1). Suppose -3*x - 9*x = -p. What is the tens digit of x?
9
Let f = -52 - -216. What is the units digit of f?
4
Let v = -4400 + 8498. What is the hundreds digit of v?
0
Suppose 9*q = 50 - 5. Let u = -2 - -5. Suppose 15 = l + u*d + 1, -2 = -q*l + 2*d. What is the units digit of l?
2
Let n be 835 - ((-1 - -3) + 1). Let i be (0 - -2)/(8/n). Suppose -14*o - i = -18*o. What is the units digit of o?
2
Suppose 3*n - 120 = 5*s, 0 = -3*s + 3 + 6. Let w be (-15)/n - (-44)/(-3). What is the units digit of (-166)/(-10) + 9/w?
6
Suppose 4*g - 708 = 844. Suppose 4*h - g = -5*s, -3*s + 167 = 4*h - 61. What is the tens digit of s?
8
Suppose -3*r = 4*z + 3, -z - 13 = -2*z + 2*r. Suppose z*c - 6 + 0 = 0. Suppose 0 = -c*n - 8, -4*n - 1 + 3 = 3*a. What is the units digit of a?
6
Suppose -4*b + 2*q + 510 = -3388, -2*q = b - 987. What is the hundreds digit of b?
9
Let v = -68 + 141. Let k(x) = -x**2 + 14*x - 11. Let c be k(10). Let m = v - c. What is the tens digit of m?
4
Let z(d) = -30*d**3 + d. Let m be z(1). Let l = 68 + m. Let y = -10 + l. What is the tens digit of y?
2
Suppose -3*l - 6 = -3*x, 0 = 3*x - 0*x - 6. Suppose 2*j + l*j - 3*z = 31, -10 = -2*z. Suppose 3*i = 2*i + j. What is the tens digit of i?
2
Suppose -5*d + 13103 = 3*n, 0 = -3*d + 7*d + 4*n - 10484. What is the tens digit of d?
2
Suppose 4*d - 97 = -a, -2*a = 3*a - 4*d - 389. Let z = 134 - a. What is the units digit of z?
3
Let t be 4 - (2 + (-5 - -1)). Suppose j = -t*j + 413. Suppose 0 = -4*n + 3*n + c + j, 5*n - 304 = -4*c. What is the tens digit of n?
6
Let m(n) = -11*n + 2. Let g(f) = 1. Let a(c) = -5*g(c) + m(c). Suppose 12 = -5*z + 2. What is the tens digit of a(z)?
1
Let l(d) = 2*d**2 + 3*d - 16. Let i = 31 + -30. Let u be -2 - 5 - (-2 + i). What is the units digit of l(u)?
8
Let a = -12 + 14. Suppose 3*k = -a*k + 3*z - 11, 7 = -k - z. Let g(c) = -c**3 - 3*c**2 - 7*c - 3. What is the units di